*q. List the prime factors of q.
5, 7
Suppose -2*v + 5*f + 2 = -28, 4*v - 3*f - 74 = 0. Suppose 750 = q - 4*a, -q + 19*a - v*a = -735. What are the prime factors of q?
2, 3, 41
Let y(w) = w**3 + 14*w**2 + 2*w. Let f be y(-13). Let g = f - 8. Suppose 61 = -0*n + 2*n + 3*o, -5*n - 4*o = -g. List the prime factors of n.
23
Let d = 25193 - 25056. Let c = -8 + 11. Suppose 3*f - d = i, -c*f - 185 = -7*f - i. What are the prime factors of f?
2, 23
Let l(v) = v**2 - v. Let w(o) = 8*o**2 + 31*o - 55. Let j(r) = -5*l(r) + w(r). What are the prime factors of j(-21)?
2
Let w = -316 - -318. Suppose -2*q + 5*l + 811 = -540, -2*l = -w*q + 1348. What are the prime factors of q?
673
Let b = 43678 - 6892. List the prime factors of b.
2, 3, 6131
Let t = 734 + -405. Let p = 145 - -62. Let s = t - p. What are the prime factors of s?
2, 61
Suppose 3 = a - 2, -5*s + 4*a - 5 = 0. Let t(d) = -5*d + 15. Let x be t(s). Suppose x = 4*r - 488 - 64. What are the prime factors of r?
2, 3, 23
Let b = 25 - 21. Suppose b*v - 3*j + 4 - 57 = 0, 2*v - 4*j - 34 = 0. Suppose -w = -v + 3. What are the prime factors of w?
2
List the prime factors of (-2)/4 + 4 + 71811/18.
3, 11
Let w(g) = g**3 + g**2 - 2*g + 42. Let j be w(0). Let p = j - -13. Suppose 0 = -4*m + 9*m - p. What are the prime factors of m?
11
Let i(d) = -10*d + 36. Suppose x + 12*x - 39 = 0. Suppose -4*c - 15 = -3*u - 53, x*u = -4*c + 2. List the prime factors of i(u).
2, 3
Suppose 3*y - 3117 = -q, 5*y = 81*q - 79*q - 6289. What are the prime factors of q?
2, 3, 29
Let s = -322 - -2881. List the prime factors of s.
3, 853
Let v = 1805 - 1071. Let l = v - 285. Suppose 5*t + l - 1174 = 0. List the prime factors of t.
5, 29
Let d be (36/63)/(2/7). Suppose 5*n = n + 3*q + 2613, -d*n + q + 1305 = 0. What are the prime factors of n?
3, 7, 31
Let m = -730 - -732. Suppose 6*c + 3045 = 5*b + 3*c, 0 = -5*b + m*c + 3045. List the prime factors of b.
3, 7, 29
Let i(u) be the third derivative of -u**6/120 - u**5/5 - 29*u**4/24 - 17*u**3/3 + 4*u**2 + 2. List the prime factors of i(-11).
2, 41
Let p = 69 + -86. Let z be (-3)/(-3 + 4) - 3. What are the prime factors of 1/z - (34935/18)/p?
2, 3, 19
Let s be -11 + 3 + -1 - -3. Let u(n) be the first derivative of -n**4/4 - 7*n**3/3 - 9*n**2/2 - 13*n - 38. What are the prime factors of u(s)?
5
Suppose -4*a = -w + 6823, -a - 15 + 20 = 0. What are the prime factors of w?
3, 2281
Let j = 50 + -47. Suppose -2*h + 3*y = -1431, 3*h + 7*y - j*y = 2155. List the prime factors of h.
3, 239
Suppose 0 = -5*z - 5*h + 17535 + 19335, 3*z - 4*h = 22150. List the prime factors of z.
2, 7, 17, 31
Let a = -1631 - -12207. What are the prime factors of a?
2, 661
Let o(p) = 3*p**3 + 3*p**2 - 3*p - 3. Suppose 0*t = 3*v + 4*t - 9, 2*t + 12 = 4*v. List the prime factors of o(v).
2, 3
Let w(o) = 15*o - 3*o**2 - 8*o + o**2 + 4 + 12*o**2. Let t be w(7). Let g = t + -317. List the prime factors of g.
2, 113
Suppose -4*k = 0, 5*k = z + 3*k - 1460. Suppose -18*q - z + 9578 = 0. What are the prime factors of q?
11, 41
List the prime factors of 5104 + 0 - (18/42)/(6/70).
5099
Let h(r) = 817*r**2 - 33*r + 92. List the prime factors of h(4).
2, 3, 181
List the prime factors of 15 + (-9549554)/(-575) + (-2)/(-25).
3, 1847
Suppose 825*b = q + 823*b - 4867, 5*b = 3*q - 14604. List the prime factors of q.
11, 443
Suppose -x + 15 = -4*r, 2*x - 4*r - 15 = -1. What are the prime factors of 85 + (-7 - x) + 6?
5, 17
Let t = 3031 + -2777. List the prime factors of t.
2, 127
Let p be 2/12*25 - 19/114. Suppose -p*h = -b + 2*b - 5, 5*b = -5*h + 10. Let m = b + 95. List the prime factors of m.
2, 3
Suppose -b = 617 + 370. Let c = b + 1629. What are the prime factors of 1/1*(-2)/((-12)/c)?
107
Suppose 3778 = 4*t - 8222. List the prime factors of t.
2, 3, 5
Let h(m) = 2265*m**2 + 4*m + 11. What are the prime factors of h(-2)?
3, 19, 53
Suppose -20 = -5*s, 2*s = 16*c - 11*c + 1678. List the prime factors of c/(4/(-8)*4/6).
2, 3, 167
Let a(q) = -180*q + 215. Let d be a(-7). Suppose d = 5*p + 22*u - 17*u, 0 = -4*u + 8. What are the prime factors of p?
293
Let q be -60*(-2)/(-21) + (-4)/14. List the prime factors of ((-2)/q)/(2 + (-262)/132).
2, 11
Let s(c) = 0 + 3*c**3 + 5 + 4*c + 11*c**3 + 2*c**2 - 15*c**3. Let y be s(-2). Let f(u) = -u**2 + 13*u + 11. What are the prime factors of f(y)?
11
Let p(y) = 93*y**3 + y**2 + y - 2. Let f be p(1). Let z = f - 89. Suppose l - z*g + 5*g - 174 = 0, -l + 171 = 2*g. What are the prime factors of l?
3, 59
Let z be (-1)/5 + 7084/20. Suppose 2*d + 5*g + 51 = 219, -4*d + z = g. Suppose -d = 3*m - 434. What are the prime factors of m?
5, 23
Let w(v) = 2*v**3 + 16*v**2 + 10*v + 24. Let k be w(-7). Suppose -k*l + 56*l = 68. List the prime factors of l.
17
Suppose -8*j = -80182 + 30086. List the prime factors of j.
2, 31, 101
Suppose -36 = p - 4*j + 67, 0 = 4*p - 5*j + 445. Let b = 415 + p. Suppose -5*l = 4*c - 240, c - b = -4*c - 3*l. What are the prime factors of c?
2, 3, 5
Suppose 13*u + u = -7*u + 731052. List the prime factors of u.
2, 3, 967
Suppose -17*u = g - 21*u - 6095, -5*u + 18319 = 3*g. What are the prime factors of g?
17, 359
Suppose f = -5*g - 26, -2*g + 8 + 0 = 5*f. Let m(h) = 28*h**2 + 2*h - 59. List the prime factors of m(g).
937
List the prime factors of ((-8)/10)/(2/(-10))*19434324/8112.
7, 37
Suppose -1774 = -5*c + 2*w + 4437, 0 = -2*c - w + 2479. List the prime factors of c.
17, 73
Let b = -8520 + 9474. List the prime factors of b.
2, 3, 53
Let a be 11424/10 + (-48)/120. Let h = -770 + a. List the prime factors of h.
2, 3, 31
Let d be 1 + -1*1/(-2)*0. Let l = 1 - d. Suppose l = 9*o - o - 1592. What are the prime factors of o?
199
Let u = -12096 - -28052. List the prime factors of u.
2, 3989
Let h = -21 - -27. Let p = -2 + h. Suppose -r = -p*u - 167, u + 322 = 2*r - u. List the prime factors of r.
3, 53
Let n = 11540 + -395. What are the prime factors of n?
3, 5, 743
What are the prime factors of (-2 - 3) + -1382*(-4)/((-16)/(-42))?
2, 7253
Suppose -21*s - 6410 = -26*s. Suppose -m - h - s = -2*m, 2*m - 5*h - 2573 = 0. What are the prime factors of m?
1279
Suppose 0 = -6*m + 2*m + 2*s + 2, 0 = 4*s + 4. Let d(p) = p**3 - p**2 + 2*p - 1. Let y be d(m). List the prime factors of (-6 + 7)/(y/(-23)).
23
Let p = 196 - 191. What are the prime factors of 6/(-5)*-301 - p/25?
19
Let a(k) = -5859*k**3 + 6*k**2 + 75*k + 68. List the prime factors of a(-1).
2, 29, 101
Let x be 8/3*(-5 + 11 + -12). List the prime factors of (-824)/x*(-30)/(-5).
3, 103
Let l(x) = -190*x + 4. Let m be l(-18). What are the prime factors of 2*1 - (6 - m/8)?
2, 53
Suppose 0 = 125*u + 112265 - 1462640. List the prime factors of u.
3, 13, 277
Suppose -155 - 14 = -y. Let i be (20/4 - 5)*(4 - 3). Suppose i = -5*f + y + 326. What are the prime factors of f?
3, 11
Let z(d) be the second derivative of 11*d**5/120 - d**4/4 + 7*d**3/3 - 8*d. Let v(h) be the second derivative of z(h). List the prime factors of v(3).
3
Suppose 3945 = -18*b + 3*b. Let r = b + 729. List the prime factors of r.
2, 233
Suppose 0 = z + 40*z - 83845. List the prime factors of z.
5, 409
Let y(u) be the third derivative of -3*u**5/20 + u**4/4 - 5*u**3/3 - 6*u**2. Let z be y(4). Let t = z - -193. What are the prime factors of t?
3, 7
Let j = 166824 - 93479. List the prime factors of j.
5, 14669
Suppose -n + 23 - 2 = 0. Let s(v) be the first derivative of -v**3/3 + 15*v**2 + 28*v + 447. What are the prime factors of s(n)?
7, 31
Let o be ((-38)/95)/((1/1)/(-30)). Suppose 5*a + o = 11*a. List the prime factors of -2*6/(-9)*291/a.
2, 97
Let x(o) = 2522*o**2 + 718*o + 1435. List the prime factors of x(-2).
7, 11, 131
Let a = 80 - 101. Let f(l) = -l**3 - 20*l**2 + 29*l + 2. Let u be f(a). Let i = u + 398. What are the prime factors of i?
2, 29
Let l(a) = -43*a**3 - 5*a**2 + 12*a - 11. Let s be l(2). What are the prime factors of 733/3 + 9*(-26)/s?
5, 7
Suppose 47*c - 46*c = 77. Suppose 4*p = -5*n + 209, -21 = -2*n + 2*p + c. What are the prime factors of ((-252)/n*10/(-4))/1?
2, 7
What are the prime factors of (-2)/(-3) - 9/(8 + -35) - -21860?
3, 7, 347
Let t(q) = 294*q - 1315. What are the prime factors of t(46)?
29, 421
Let l(m) = m**2 - 14*m + 685. What are the prime factors of l(36)?
7, 211
Let y = -109 + 114. Suppose -y*c = -c - 880. List the prime factors of